) = q**3 - 8*q**2 + q - 4. Let n be w(8). Let o(m) = -m**2 + 5*m - 4. Let j be o(3). Let s = n - j. Let k(u) = 2*u**2 - 4*u + 3. Calculate k(s).
3
Let r(l) = -3*l + l**2 + 2*l**3 + 2*l + 2*l**3. Let k be 10/(3 + (0 - 2)). Let y = k + -9. Calculate r(y).
4
Let v(q) be the first derivative of 6*q + 1 - 5/2*q**2 + 1/3*q**3. Give v(4).
2
Let a(w) be the second derivative of w**5/20 + 5*w**4/12 - w**3/6 + w**2/2 + w. Let p be 12/7 - (-6)/21. Let n(r) = -r**2 - 1. Let y be n(p). Calculate a(y).
6
Let y(p) = 5 - 4*p**2 + 4*p**2 - p**2. Let x be 0/(-1*-1*2). Suppose 2*k - 3*k = x. Determine y(k).
5
Let s(q) be the first derivative of 0*q**4 + 2/3*q**3 + 1 + 0*q - 1/24*q**5 + 0*q**2. Let d(m) be the third derivative of s(m). Determine d(-1).
5
Let i(b) = 3*b**2 - b**3 + b**2 - 3 + 7 - 2*b - 3*b. Suppose f + 9 = 4*f. What is i(f)?
-2
Let y(a) = -a - 1. Let t(w) = 6*w + 9. Let s(c) = -t(c) - 9*y(c). Give s(2).
6
Let f(s) be the third derivative of s**2 - 1/30*s**5 + 0*s**4 + 0*s + 0*s**3 + 0. Calculate f(1).
-2
Let j(g) be the first derivative of g**4/4 + 3*g**3 + 8*g - 21. Determine j(-9).
8
Suppose 0 = 2*u, -2*z - 2*z - 3*u = -16. Let y(c) = -c + c + z - c. Suppose 5 = -0*g + g. Give y(g).
-1
Suppose -28 = -4*n - 4*p, 7*n - 2*n - p - 53 = 0. Suppose -10 - n = -5*y. Suppose 0*b + 2*b = y. Let m(c) = c**3 - 4*c**2 + 2*c - 2. What is m(b)?
-6
Let h(l) = 2*l. Let k = 45 - 48. Determine h(k).
-6
Let v be ((-8)/(-10))/(2 - 48/20). Let y(g) = g**3 + 4*g**2 - g - 2. Determine y(v).
8
Let k(c) = 5*c**3 - 3*c**2 + 5. Let o(n) = -2*n**3 + 2*n**2 - 2. Let d(f) = -3*k(f) - 7*o(f). Give d(-5).
-1
Let d(n) = n**2 + 2*n - 2. Let o be d(0). Let z(t) = -2*t**2 - t + 2. Give z(o).
-4
Let o(p) = 4*p + 2. Let r be o(-2). Let d(g) = g**2 + 6*g + 4. Calculate d(r).
4
Let i be (-5 - -3)/(-2*1). Suppose -3*s = 1 + 2. Let j = s + i. Let p(b) = b - 8. Determine p(j).
-8
Let c(y) = -y + 2. Let r be c(1). Let x(z) be the second derivative of 2*z - 1/10*z**5 + 0*z**2 + 0*z**3 + 0 + 1/12*z**4. Calculate x(r).
-1
Let b = -792 - -798. Let q = 3 - 1. Let x(f) = -3*f + 5*f - f**q + 3 + 4*f. Determine x(b).
3
Suppose 4*f + 1 + 3 = -4*s, 0 = -3*s + 5*f + 21. Suppose 5*k - 12 = 2*q, -4*q - s*k - 14 = -7*k. Let v(a) = 5*a + 1. What is v(q)?
-4
Let x(b) = 5*b + 1. Let q be 117/15 - (-2)/10. Suppose -2*r - 2*p = -p + 8, 3*p = 2*r - q. Let k be (r - (-14)/8)*-4. Determine x(k).
6
Let v(f) be the third derivative of -f**6/120 - f**5/10 - f**4/24 - f**3/2 - 6*f**2. Calculate v(-6).
3
Let n(h) = h**2 - 5*h + 3. Suppose 2*y - 2*a + 11 = -5, -4*y - 5*a + 4 = 0. Let b = y - -4. Suppose 6 = -2*q - 3*d, 3*q + 2*d + b = 1. Calculate n(q).
-3
Let v(j) be the first derivative of -j**3/3 - 3*j**2 - j + 4. What is v(-3)?
8
Let a(u) = -9*u + u**2 + 4 - 2*u**2 + 5*u + 0. Determine a(-5).
-1
Let f(o) = 1 - 3 + o**2 + 1 - 4*o. Let a(x) = -4*x - 3 + 3*x + 1. Let v be a(-5). Give f(v).
-4
Let g(f) = -5*f + 0*f + 5*f**2 - 2 - 6*f**2. Suppose 3*k - 6*k = 9. Give g(k).
4
Let j(r) be the third derivative of -r**4/24 - 2*r**3/3 + 21*r**2. Let h = -8 - -3. Calculate j(h).
1
Let f(g) = -27*g + 27. Let l(h) = -7*h + 7. Let v(x) = 4*f(x) - 15*l(x). Let i = 39 + -42. Determine v(i).
12
Suppose 0*u = 2*u. Suppose 3*f - 22 = -u*k + 4*k, -2*k = 8. Let o = -3 - f. Let v(y) = -y**2 - 3*y + 7. What is v(o)?
-3
Let s(f) be the third derivative of f**6/120 + f**5/20 + f**4/24 + f**3/6 - 4*f**2. Let i be (0/((-2)/1))/(-2). Suppose 0*b - 2*b - 4 = i. Give s(b).
3
Let r(y) = y + 4. Suppose -3*z = 5*u - 19, 0 = 4*u - 9*u - 5*z + 25. Suppose 0 = u*n - 0*n - 50. Suppose -3*c + n = -4*k, 4*k = -3*c + 1 - 8. Calculate r(k).
0
Let m(z) = -z + 6. Let i(o) = o**2 + 4*o. Let a be i(-5). Suppose -a*g + 11 + 19 = 0. Calculate m(g).
0
Let w(t) = -3*t**2 - 3*t + 4. Suppose -5*k + 5 = 5*i - 5, 0 = 4*k - 2*i + 22. Give w(k).
-14
Let a(n) be the third derivative of n**5/60 - n**4/24 - n**3/6 - 9*n**2. Suppose -2*p = 2*p + 12. What is a(p)?
11
Let z(h) be the third derivative of h**4/12 - h**3/6 + 2*h**2. Determine z(-3).
-7
Let v(m) = -m**3 + m + 1. Let x be v(-1). Let d(f) = f. Give d(x).
1
Let o(x) = 2*x**2 + 7*x - 1. Let m be (-111)/21 - (-10)/35. Give o(m).
14
Let a(v) = -9*v + 13. Let p(s) = -5*s + 7. Let g(w) = 6*a(w) - 11*p(w). Let u(h) = -5 + 2 - h - 2. Let k be u(-5). What is g(k)?
1
Let q be -7 - 6*(-2)/4*1. Let r(j) = -j**2 - 6*j - 6. Give r(q).
2
Suppose -a + 4*a + 6 = 0. Let z(o) be the first derivative of o**4/12 + o**3/3 - o**2/2 - 2*o + 2. Let p(x) be the first derivative of z(x). What is p(a)?
-1
Suppose 2*c = 4, 3*z - 4*c - 5 - 8 = 0. Let p(w) = 0 - z + 2 - 5*w - w**2. Let s(o) = -o**3 - o**2 - 4. Let v be s(0). Give p(v).
-1
Let k(p) = p**2 + 3*p - 4. Let h be -1 - 2*3/(-6). Suppose -a + 3*a + 8 = h. Calculate k(a).
0
Suppose 10*d + 4 = 8*d. Let s(g) = -g**3 - 4*g**2 + 3*g + 3. What is s(d)?
-11
Let k(c) = 10 + 0*c - 4*c - c + c**2 - 5. What is k(5)?
5
Let z(x) = -4*x + 7. Let c(p) = 8*p - 14. Let d(s) = 3*c(s) + 5*z(s). Let w be d(3). Let k(a) = -a**2 + 6*a + 5. Calculate k(w).
10
Let h(p) = 8*p**3 + 26*p**2 - 14*p + 2. Let k(w) = -3*w**3 - 9*w**2 + 5*w - 1. Let n(b) = -4*h(b) - 11*k(b). Calculate n(4).
-9
Let u(m) be the third derivative of -m**5/20 - m**4/24 + 14*m**2. Calculate u(1).
-4
Let o(x) = -x**3 - x**2. Let m(u) = -4*u**3 + u**2 + 4*u + 2. Let k(r) = -m(r) + 5*o(r). What is k(-5)?
-7
Suppose -m + 2*m - 2*m = 0. Let z(c) be the second derivative of c**5/20 - c**4/12 - c**3/6 + 9*c**2/2 + c. What is z(m)?
9
Suppose 3*c = -5*m + 13, -3*m + c + 0 = -5. Let p(h) = m*h - 3*h - 9*h. Give p(1).
-10
Let j(k) = k**2 - 2*k. Let b(h) = h + 3. Let z be b(-3). Suppose z = x - 4*x + 9. Give j(x).
3
Let t(y) be the first derivative of -y**2/2 - 24. What is t(8)?
-8
Let c(j) be the second derivative of 3*j**4/8 + j**3/6 + 5*j**2/2 + 7*j. Let k(r) be the first derivative of c(r). What is k(1)?
10
Suppose 5*u = -0*u - 30. Let t(o) = -o + 1. Give t(u).
7
Let g(x) = 19*x - 9*x - x**2 - 4*x - 2. Let n(w) = w**2 - 6*w + 3. Let b be n(4). Let j = b + 10. Calculate g(j).
3
Let h = -8 + 2. Let b(s) = 6*s**2 - s**2 + 5*s - 6 - 4*s**2. Let m be b(h). Let q(y) = y - 1. What is q(m)?
-1
Let w(v) = -v**2 - 8*v. Let d be w(-8). Suppose d = 4*q + 7 - 3. Let o(y) be the first derivative of -4*y**3/3 - 9. Give o(q).
-4
Let d = 6 + -4. Let v(x) = 0 + 0 - x**d. Give v(-2).
-4
Suppose 2*v - g - 13 = 4*v, 0 = 5*v + 2*g + 32. Let m(c) = -c**2 - 10*c - 8. What is m(v)?
16
Let j(a) be the third derivative of 4*a**2 + 1/60*a**5 + 0*a + 0 - 5/24*a**4 - 7/6*a**3. What is j(6)?
-1
Let d(f) = -f**2 + 4 - 6*f**3 - 1 + f - 2. Suppose 36*s + 4 = 32*s. Give d(s).
5
Let x be -3 + (18/6)/(-1). Let g(k) = k**3 + 5*k**2 - 7*k - 11. Determine g(x).
-5
Suppose -2*v - 38 = 4*y, 2*y + 3*v - 51 = 5*y. Let x be (-6)/y + 7/(-2). Let c(j) = -3*j - 1. What is c(x)?
8
Let i(p) = p**3 + 4*p**2 + p. Suppose 3 = 5*k - 12. Let j(q) = -3*q**2 + 0*q**3 + q**k + 3 - 4*q + 2*q. Let z be j(3). Determine i(z).
6
Suppose 2*y - y = 0. Let i(w) be the first derivative of w**3/3 + 2*w - 4. Calculate i(y).
2
Let h be (3 - 1)/(11 + -10). Let z(i) = 3 + 3 + 7*i - i**h + 5 - 4. Determine z(7).
7
Let n(l) be the second derivative of -l**6/120 - l**5/30 - l**4/8 - l**3/2 - l**2/2 - 3*l. Let f(k) be the first derivative of n(k). Give f(-2).
3
Suppose 0 = 2*z - 0*z + 18. Let m(o) = o + 5. What is m(z)?
-4
Let r = 43 - 41. Let z(x) = x**3 - 2*x**2 + 2*x + 2. What is z(r)?
6
Let s(l) = l - 2*l - 7*l**3 + l**2 + 2*l. Give s(-1).
7
Let f(b) be the third derivative of -b**6/120 - b**5/15 + b**4/24 + 2*b**3/3 + 9*b**2. Determine f(-4).
0
Let b(a) = -2*a - 1 + 6 + a**2 - 3 - 3. Suppose 0 = -2*o + 4*o - 4. Calculate b(o).
-1
Let z be (-8)/5 - 4/10. Let t(d) = -d**2 - d - 2. Give t(z).
-4
Let g = 4 - 2. Let o(c) = 6*c + 2 - c**2 - g + 2. Calculate o(5).
7
Let a(g) = -g - 15. Let u be a(-11). Let s(m) = m**3 + 4*m**2 - 2*m. Calculate s(u).
8
Let k(m) = -m**2 - 4*m + 4. Let l be (-2 - 1) + -2 + -2. What is k(l)?
-17
Let o(b) = b. Suppose c = 6*c - 40. Let s = c - 5. Suppose 0 = z - s. Determine o(z).
3
Let c(w) = -w**2 - 3*w + 13. Suppose -2*x - 2*l = 22, 7*x - 3*x - 1 = 5*l. Let h be c(x). Let o(t) = -t**3 - 5*t**2 - 2*t - 4. Determine o(h).
6
Let g(j) = -5*j - 1. Let n(t) = t**2. Let q(y) = -g(y) + 2*n(y). 